 the prime factors of 112095?
3, 5, 47, 53
List the prime factors of 431808.
2, 3, 13, 173
List the prime factors of 151799.
151799
List the prime factors of 3286055.
5, 181, 3631
List the prime factors of 375462.
2, 3, 17, 409
List the prime factors of 663273.
3, 13, 5669
List the prime factors of 655774.
2, 7, 31, 1511
List the prime factors of 1442190.
2, 3, 5, 48073
What are the prime factors of 10070996?
2, 13, 293, 661
List the prime factors of 21049971.
3, 109, 64373
List the prime factors of 411754.
2, 7, 29411
What are the prime factors of 841815?
3, 5, 13, 1439
List the prime factors of 2058867.
3, 103, 2221
What are the prime factors of 260407?
7, 37201
List the prime factors of 28721.
7, 11, 373
What are the prime factors of 77068?
2, 19267
What are the prime factors of 533654?
2, 11, 127, 191
List the prime factors of 208492.
2, 47, 1109
What are the prime factors of 4999767?
3, 1666589
What are the prime factors of 3665285?
5, 13, 17, 31, 107
List the prime factors of 4530499.
4530499
What are the prime factors of 5318873?
7, 109, 6971
What are the prime factors of 535491?
3, 11, 601
What are the prime factors of 6333980?
2, 5, 316699
What are the prime factors of 325731?
3, 7, 15511
List the prime factors of 28969386.
2, 3, 967, 4993
What are the prime factors of 2231615?
5, 446323
List the prime factors of 2107151.
47, 107, 419
What are the prime factors of 1538217?
3, 23, 2477
List the prime factors of 2787625.
5, 29, 769
List the prime factors of 241613.
41, 71, 83
List the prime factors of 17193827.
7, 2456261
What are the prime factors of 7347425?
5, 277, 1061
List the prime factors of 3806533.
1571, 2423
What are the prime factors of 15989096?
2, 1998637
List the prime factors of 11144189.
7, 1592027
What are the prime factors of 297795?
3, 5, 19853
What are the prime factors of 2685734?
2, 331, 4057
What are the prime factors of 752003?
7, 103, 149
List the prime factors of 49167.
3, 607
What are the prime factors of 13338471?
3, 43, 103399
What are the prime factors of 231163?
271, 853
What are the prime factors of 8527220?
2, 5, 13, 32797
What are the prime factors of 1589353?
373, 4261
What are the prime factors of 5736341?
13, 441257
What are the prime factors of 417188?
2, 104297
What are the prime factors of 372645?
3, 5, 7, 13
List the prime factors of 1895186.
2, 97, 9769
What are the prime factors of 328127?
328127
List the prime factors of 4331073.
3, 17, 163, 521
List the prime factors of 11325142.
2, 317, 17863
List the prime factors of 8374823.
29, 317, 911
What are the prime factors of 137517?
3, 23, 1993
What are the prime factors of 13514175?
3, 5, 20021
List the prime factors of 8712052.
2, 479, 4547
What are the prime factors of 2786090?
2, 5, 278609
List the prime factors of 136014.
2, 3, 22669
What are the prime factors of 774648?
2, 3, 7, 29, 53
What are the prime factors of 2599911?
3, 96293
List the prime factors of 1143081.
3, 107, 1187
List the prime factors of 6075397.
6075397
List the prime factors of 18965.
5, 3793
What are the prime factors of 1850762?
2, 31, 29851
What are the prime factors of 779371?
31, 811
List the prime factors of 760970.
2, 5, 7, 1553
What are the prime factors of 428781?
3, 47, 3041
What are the prime factors of 524709?
3, 173, 337
What are the prime factors of 701953?
7, 100279
List the prime factors of 552343.
11, 149, 337
What are the prime factors of 3639189?
3, 1213063
List the prime factors of 2888370.
2, 3, 5, 67, 479
What are the prime factors of 2031335?
5, 406267
What are the prime factors of 1928313?
3, 71419
List the prime factors of 3202708.
2, 800677
List the prime factors of 2576958.
2, 3, 307, 1399
List the prime factors of 1165532.
2, 67, 4349
List the prime factors of 6062706.
2, 3, 13, 1993
List the prime factors of 1230645.
3, 5, 13, 6311
What are the prime factors of 175?
5, 7
List the prime factors of 470679.
3, 11, 17, 839
What are the prime factors of 70153?
31, 73
List the prime factors of 5483039.
19, 23, 12547
List the prime factors of 9784175.
5, 391367
List the prime factors of 3161782.
2, 13, 121607
List the prime factors of 764607.
3, 254869
List the prime factors of 3814973.
3814973
List the prime factors of 2679622.
2, 11, 349
What are the prime factors of 4893420?
2, 3, 5, 7, 61, 191
What are the prime factors of 71201?
13, 5477
What are the prime factors of 6567596?
2, 7, 163, 1439
What are the prime factors of 453881?
137, 3313
What are the prime factors of 1823840?
2, 5, 11399
List the prime factors of 5017567.
17, 31, 9521
What are the prime factors of 455911?
163, 2797
List the prime factors of 415418.
2, 207709
What are the prime factors of 2675368?
2, 334421
What are the prime factors of 115055?
5, 23011
List the prime factors of 3387357.
3, 376373
List the prime factors of 1625415.
3, 5, 11, 9851
What are the prime factors of 369942?
2, 3, 61657
What are the prime factors of 24258574?
2, 12129287
What are the prime factors of 1206518?
2, 733, 823
List the prime factors of 292140.
2, 3, 5, 541
List the prime factors of 879746.
2, 7, 47, 191
List the prime factors of 9550025.
5, 382001
What are the prime factors of 9308108?
2, 2327027
What are the prime factors of 1015050?
2, 3, 5, 67, 101
What are the prime factors of 27520120?
2, 5, 688003
List the prime factors of 6175211.
7, 882173
List the prime factors of 21818.
2, 10909
What are the prime factors of 2418011?
229, 10559
What are the prime factors of 2620?
2, 5, 131
List the prime factors of 6430517.
89, 72253
List the prime factors of 420307.
420307
List the prime factors of 677199.
3, 225733
List the prime factors of 636088.
2, 23, 3457
What are the prime factors of 1048553?
11, 19, 29, 173
What are the prime factors of 197992?
2, 24749
What are the prime factors of 5566829?
19, 67, 4373
What are the prime factors of 357270?
2, 3, 5, 11909
What are the prime factors of 389684?
2, 37, 2633
What are the prime factors of 15371659?
23, 293, 2281
List the prime factors of 741168.
2, 3, 5147
What are the prime factors of 1446630?
2, 3, 5, 48221
What are the prime factors of 9789650?
2, 5, 13, 15061
What are the prime factors of 302826?
2, 3, 41, 1231
What are the prime factors of 19317426?
2, 3, 59, 197, 277
List the prime factors of 1290216.
2, 3, 53759
List the prime factors of 547181.
19, 31, 929
List the prime factors of 5080474.
2, 7, 41, 53, 167
What are the prime factors of 212472?
2, 3, 13, 227
List the prime factors of 5697.
3, 211
List the prime factors of 351805.
5, 71, 991
List the prime factors of 73706.
2, 137, 269
What are the prime factors of 43756580?
2, 5, 7, 23, 107, 127
List the prime factors of 1657845.
3, 5, 7, 19, 277
List the prime factors of 28268169.
3, 109, 137, 631
What are the prime factors of 20806164?
2, 3, 17, 33997
List the prime factors of 1135914.
2, 3, 13, 14563
What are the prime factors of 1470041?
17, 43, 2011
List the prime factors of 137192.
2, 11, 1559
List the prime factors of 2039553.
3, 75539
List the prime factors of 2641104.
2, 3, 18341
List the prime factors of 7763660.
2, 5, 388183
What are the prime factors of 52374?
2, 3, 7, 29, 43
List the prime factors of 527464.
2, 7, 9419
List the prime factors of 100965.
3, 5, 53, 127
List the prime factors of 2255789.
151, 14939
What are the prime factors of 13585173?
3, 7, 646913
What are the prime factors of 1849964?
2, 462491
List the prime factors of 21133385.
5, 7, 13, 46447
What are the prime factors of 807019?
641, 1259
List the prime factors of 2998839.
3, 999613
List the prime factors of 7884026.
2, 617, 6389
List the prime factors of 9307996.
2, 139, 16741
What are the prime factors of 32857492?
2, 727, 11299
List the prime factors of 6414380.
2, 5, 7, 45817
List the prime factors of 172511.
167, 1033
List the prime factors of 9789486.
2, 3, 7, 233083
List the prime factors of 4194741.
3, 1398247
List the prime factors of 239486.
2, 13, 61, 151
List the prime factors of 6932536.
2, 13, 191, 349
What are the prime factors of 57246?
2, 3, 7, 29, 47
What are the prime factors of 843471?
3, 93719
List the prime factors of 1796932.
2, 227, 1979
List the prime factors of 11238787.
7, 37, 6199
List the prime factors of 5976539.
149, 40111
List the prime factors of 83273.
83273
What 